{"id":51,"date":"2025-10-08T11:03:57","date_gmt":"2025-10-08T11:03:57","guid":{"rendered":"https:\/\/kpprodutos.com\/kids\/?page_id=51"},"modified":"2025-10-08T11:14:21","modified_gmt":"2025-10-08T11:14:21","slug":"politica-de-privacidade","status":"publish","type":"page","link":"https:\/\/kpprodutos.com\/kids\/politica-de-privacidade\/","title":{"rendered":"Pol\u00edtica de Privacidade"},"content":{"rendered":"\t\t<div data-elementor-type=\"wp-page\" data-elementor-id=\"51\" class=\"elementor elementor-51\" data-elementor-post-type=\"page\">\n\t\t\t\t\t\t<section data-particle_enable=\"false\" data-particle-mobile-disabled=\"false\" class=\"elementor-section elementor-top-section elementor-element elementor-element-7b0eae62 elementor-section-boxed elementor-section-height-default elementor-section-height-default\" data-id=\"7b0eae62\" data-element_type=\"section\">\n\t\t\t\t\t\t<div class=\"elementor-container elementor-column-gap-default\">\n\t\t\t\t\t<div class=\"elementor-column elementor-col-100 elementor-top-column elementor-element elementor-element-2f89ccf0\" data-id=\"2f89ccf0\" data-element_type=\"column\">\n\t\t\t<div class=\"elementor-widget-wrap elementor-element-populated\">\n\t\t\t\t\t\t<div class=\"elementor-element elementor-element-2251a4bf elementor-widget elementor-widget-image\" data-id=\"2251a4bf\" data-element_type=\"widget\" data-widget_type=\"image.default\">\n\t\t\t\t\t\t\t\t\t\t\t\t\t\t\t<img decoding=\"async\" width=\"150\" height=\"150\" src=\"https:\/\/kpprodutos.com\/kids\/wp-content\/uploads\/2025\/10\/Design-sem-nome-31-1-150x150.png\" class=\"attachment-thumbnail size-thumbnail wp-image-53\" alt=\"\" srcset=\"https:\/\/kpprodutos.com\/kids\/wp-content\/uploads\/2025\/10\/Design-sem-nome-31-1-150x150.png 150w, https:\/\/kpprodutos.com\/kids\/wp-content\/uploads\/2025\/10\/Design-sem-nome-31-1-300x300.png 300w, https:\/\/kpprodutos.com\/kids\/wp-content\/uploads\/2025\/10\/Design-sem-nome-31-1-1024x1024.png 1024w, https:\/\/kpprodutos.com\/kids\/wp-content\/uploads\/2025\/10\/Design-sem-nome-31-1-768x768.png 768w, https:\/\/kpprodutos.com\/kids\/wp-content\/uploads\/2025\/10\/Design-sem-nome-31-1-1536x1536.png 1536w, https:\/\/kpprodutos.com\/kids\/wp-content\/uploads\/2025\/10\/Design-sem-nome-31-1-2048x2048.png 2048w\" sizes=\"(max-width: 150px) 100vw, 150px\" \/>\t\t\t\t\t\t\t\t\t\t\t\t\t\t\t<\/div>\n\t\t\t\t\t<\/div>\n\t\t<\/div>\n\t\t\t\t\t<\/div>\n\t\t<\/section>\n\t\t\t\t<section data-particle_enable=\"false\" data-particle-mobile-disabled=\"false\" class=\"elementor-section elementor-top-section elementor-element elementor-element-448c72c7 elementor-section-boxed elementor-section-height-default elementor-section-height-default\" data-id=\"448c72c7\" data-element_type=\"section\">\n\t\t\t\t\t\t<div class=\"elementor-container elementor-column-gap-default\">\n\t\t\t\t\t<div class=\"elementor-column elementor-col-100 elementor-top-column elementor-element elementor-element-22bae955\" data-id=\"22bae955\" data-element_type=\"column\">\n\t\t\t<div class=\"elementor-widget-wrap elementor-element-populated\">\n\t\t\t\t\t\t<div class=\"elementor-element elementor-element-43c87079 elementor-widget elementor-widget-text-editor\" data-id=\"43c87079\" data-element_type=\"widget\" data-widget_type=\"text-editor.default\">\n\t\t\t\t\t\t\t\t\t<h2 style=\"box-sizing: border-box; margin: 0px; line-height: 1.2; font-size: 20px; letter-spacing: -0.05em; color: #576d96; padding-bottom: 20px; font-family: Montserrat, sans-serif; background-color: #ffffff;\">Pol\u00edtica de Privacidade<\/h2><p style=\"box-sizing: border-box; margin-top: 0px; margin-bottom: 1rem; font-size: 16px; color: #576d96; font-family: Montserrat, sans-serif; background-color: #ffffff;\">A sua privacidade \u00e9 importante para n\u00f3s. \u00c9 pol\u00edtica do KP Produtos respeitar a sua privacidade em rela\u00e7\u00e3o a qualquer informa\u00e7\u00e3o sua que possamos coletar no site <span style=\"font-weight: var( --e-global-typography-text-font-weight );\">KP Produtos link<\/span><span style=\"font-weight: var( --e-global-typography-text-font-weight );\">, e outros sites que possu\u00edmos e operamos.<\/span><\/p><p style=\"box-sizing: border-box; margin-top: 0px; margin-bottom: 1rem; font-size: 16px; color: #576d96; font-family: Montserrat, sans-serif; background-color: #ffffff;\">Solicitamos informa\u00e7\u00f5es pessoais apenas quando realmente precisamos delas para lhe fornecer um servi\u00e7o. Fazemo-lo por meios justos e legais, com o seu conhecimento e consentimento. Tamb\u00e9m informamos por que estamos coletando e como ser\u00e1 usado.<\/p><p style=\"box-sizing: border-box; margin-top: 0px; margin-bottom: 1rem; font-size: 16px; color: #576d96; font-family: Montserrat, sans-serif; background-color: #ffffff;\">Apenas retemos as informa\u00e7\u00f5es coletadas pelo tempo necess\u00e1rio para fornecer o servi\u00e7o solicitado. Quando armazenamos dados, protegemos dentro de meios comercialmente aceit\u00e1veis para evitar perdas e roubos, bem como acesso, divulga\u00e7\u00e3o, c\u00f3pia, uso ou modifica\u00e7\u00e3o n\u00e3o autorizados.<\/p><p style=\"box-sizing: border-box; margin-top: 0px; margin-bottom: 1rem; font-size: 16px; color: #576d96; font-family: Montserrat, sans-serif; background-color: #ffffff;\">N\u00e3o compartilhamos informa\u00e7\u00f5es de identifica\u00e7\u00e3o pessoal publicamente ou com terceiros, exceto quando exigido por lei.<\/p><p style=\"box-sizing: border-box; margin-top: 0px; margin-bottom: 1rem; font-size: 16px; color: #576d96; font-family: Montserrat, sans-serif; background-color: #ffffff;\">O nosso site pode ter links para sites externos que n\u00e3o s\u00e3o operados por n\u00f3s. Esteja ciente de que n\u00e3o temos controle sobre o conte\u00fado e pr\u00e1ticas desses sites e n\u00e3o podemos aceitar responsabilidade por suas respectivas\u00a0pol\u00edticas de privacidade.<\/p><p style=\"box-sizing: border-box; margin-top: 0px; margin-bottom: 1rem; font-size: 16px; color: #576d96; font-family: Montserrat, sans-serif; background-color: #ffffff;\">Voc\u00ea \u00e9 livre para recusar a nossa solicita\u00e7\u00e3o de informa\u00e7\u00f5es pessoais, entendendo que talvez n\u00e3o possamos fornecer alguns dos servi\u00e7os desejados.<\/p><p style=\"box-sizing: border-box; margin-top: 0px; margin-bottom: 1rem; font-size: 16px; color: #576d96; font-family: Montserrat, sans-serif; background-color: #ffffff;\">O uso continuado de nosso site ser\u00e1 considerado como aceita\u00e7\u00e3o de nossas pr\u00e1ticas em torno de <a style=\"color: inherit !important; text-decoration: none !important; font-size: inherit !important;\" href=\"https:\/\/avisodeprivacidad.info\/\" target=\"_BLANK\" rel=\"nofollow\">Aviso de Privacidad<\/a>e\u00a0e informa\u00e7\u00f5es pessoais. Se voc\u00ea tiver alguma d\u00favida sobre como lidamos com dados do usu\u00e1rio e informa\u00e7\u00f5es pessoais, entre em contato conosco.<\/p><h2 style=\"box-sizing: border-box; margin: 0px; line-height: 1.2; font-size: 20px; letter-spacing: -0.05em; color: #576d96; padding-bottom: 20px; font-family: Montserrat, sans-serif; background-color: #ffffff;\">Pol\u00edtica de Cookies KP Produtos<\/h2><h3 style=\"box-sizing: border-box; margin: 0px 0px 20px; line-height: 1.2; font-size: 16px; letter-spacing: -0.05em; color: #576d96; font-family: Montserrat, sans-serif; background-color: #ffffff;\">O que s\u00e3o cookies?<\/h3><p style=\"font-size: 16px; box-sizing: border-box; margin-top: 0px; margin-bottom: 1rem; color: #576d96; font-family: Montserrat, sans-serif; background-color: #ffffff;\">Como \u00e9 pr\u00e1tica comum em quase todos os sites profissionais, este site usa cookies, que s\u00e3o pequenos arquivos baixados no seu computador, para melhorar sua experi\u00eancia. Esta p\u00e1gina descreve quais informa\u00e7\u00f5es eles coletam, como as usamos e por que \u00e0s vezes precisamos armazenar esses cookies.\u00a0<\/p><h3 style=\"box-sizing: border-box; margin: 0px 0px 20px; line-height: 1.2; font-size: 16px; letter-spacing: -0.05em; color: #576d96; font-family: Montserrat, sans-serif; background-color: #ffffff;\">Como usamos os cookies?<\/h3><p style=\"font-size: 16px; box-sizing: border-box; margin-top: 0px; margin-bottom: 1rem; color: #576d96; font-family: Montserrat, sans-serif; background-color: #ffffff;\">Utilizamos cookies por v\u00e1rios motivos, detalhados abaixo. Infelizmente, na maioria dos casos, n\u00e3o existem op\u00e7\u00f5es padr\u00e3o do setor para desativar os cookies sem desativar completamente a funcionalidade e os recursos que eles adicionam a este site. \u00c9 recomend\u00e1vel que voc\u00ea deixe todos os cookies se n\u00e3o tiver certeza se precisa ou n\u00e3o deles, caso sejam usados para fornecer um servi\u00e7o que voc\u00ea usa.<\/p><h3 style=\"box-sizing: border-box; margin: 0px 0px 20px; line-height: 1.2; font-size: 16px; letter-spacing: -0.05em; color: #576d96; font-family: Montserrat, sans-serif; background-color: #ffffff;\">Desativar cookies<\/h3><p style=\"font-size: 16px; box-sizing: border-box; margin-top: 0px; margin-bottom: 1rem; color: #576d96; font-family: Montserrat, sans-serif; background-color: #ffffff;\">Voc\u00ea pode impedir a configura\u00e7\u00e3o de cookies ajustando as configura\u00e7\u00f5es do seu navegador (consulte a Ajuda do navegador para saber como fazer isso). Esteja ciente de que a desativa\u00e7\u00e3o de cookies afetar\u00e1 a funcionalidade deste e de muitos outros sites que voc\u00ea visita. A desativa\u00e7\u00e3o de cookies geralmente resultar\u00e1 na desativa\u00e7\u00e3o de determinadas funcionalidades e recursos deste site. Portanto, \u00e9 recomend\u00e1vel que voc\u00ea n\u00e3o desative os cookies.<\/p><h3 style=\"box-sizing: border-box; margin: 0px 0px 20px; line-height: 1.2; font-size: 16px; letter-spacing: -0.05em; color: #576d96; font-family: Montserrat, sans-serif; background-color: #ffffff;\">Cookies que definimos<\/h3><ul style=\"font-size: 16px; box-sizing: border-box; margin-top: 0px; margin-bottom: 1rem; color: #576d96; font-family: Montserrat, sans-serif; background-color: #ffffff;\"><li style=\"box-sizing: border-box;\">Cookies relacionados \u00e0 conta<br style=\"box-sizing: border-box;\" \/><br style=\"box-sizing: border-box;\" \/>Se voc\u00ea criar uma conta connosco, usaremos cookies para o gerenciamento do processo de inscri\u00e7\u00e3o e administra\u00e7\u00e3o geral. Esses cookies geralmente ser\u00e3o exclu\u00eddos quando voc\u00ea sair do sistema, por\u00e9m, em alguns casos, eles poder\u00e3o permanecer posteriormente para lembrar as prefer\u00eancias do seu site ao sair.<\/li><\/ul><div><span style=\"color: #576d96; font-family: Montserrat, sans-serif;\">\u00a0<\/span><\/div><ul style=\"font-size: 16px; box-sizing: border-box; margin-top: 0px; margin-bottom: 1rem; color: #576d96; font-family: Montserrat, sans-serif; background-color: #ffffff;\"><li style=\"box-sizing: border-box;\">Pedidos processando cookies relacionados<br style=\"box-sizing: border-box;\" \/><br style=\"box-sizing: border-box;\" \/>Este site oferece facilidades de com\u00e9rcio eletr\u00f4nico ou pagamento e alguns cookies s\u00e3o essenciais para garantir que seu pedido seja lembrado entre as p\u00e1ginas, para que possamos process\u00e1-lo adequadamente.<br style=\"box-sizing: border-box;\" \/><br style=\"box-sizing: border-box;\" \/><\/li><li style=\"box-sizing: border-box;\">Cookies relacionados a pesquisas<br style=\"box-sizing: border-box;\" \/><br style=\"box-sizing: border-box;\" \/>Periodicamente, oferecemos pesquisas e question\u00e1rios para fornecer informa\u00e7\u00f5es interessantes, ferramentas \u00fateis ou para entender nossa base de usu\u00e1rios com mais precis\u00e3o. Essas pesquisas podem usar cookies para lembrar quem j\u00e1 participou numa pesquisa ou para fornecer resultados precisos ap\u00f3s a altera\u00e7\u00e3o das p\u00e1ginas.<br style=\"box-sizing: border-box;\" \/><br style=\"box-sizing: border-box;\" \/><\/li><li style=\"box-sizing: border-box;\">Cookies relacionados a formul\u00e1rios<br style=\"box-sizing: border-box;\" \/><br style=\"box-sizing: border-box;\" \/>Quando voc\u00ea envia dados por meio de um formul\u00e1rio como os encontrados nas p\u00e1ginas de contato ou nos formul\u00e1rios de coment\u00e1rios, os cookies podem ser configurados para lembrar os detalhes do usu\u00e1rio para correspond\u00eancia futura.<br style=\"box-sizing: border-box;\" \/><br style=\"box-sizing: border-box;\" \/><\/li><li style=\"box-sizing: border-box;\">Cookies de prefer\u00eancias do site<br style=\"box-sizing: border-box;\" \/><br style=\"box-sizing: border-box;\" \/>Para proporcionar uma \u00f3tima experi\u00eancia neste site, fornecemos a funcionalidade para definir suas prefer\u00eancias de como esse site \u00e9 executado quando voc\u00ea o usa. Para lembrar suas prefer\u00eancias, precisamos definir cookies para que essas informa\u00e7\u00f5es possam ser chamadas sempre que voc\u00ea interagir com uma p\u00e1gina for afetada por suas prefer\u00eancias.<\/li><\/ul><h3 style=\"box-sizing: border-box; margin: 0px 0px 20px; line-height: 1.2; font-size: 16px; letter-spacing: -0.05em; color: #576d96; font-family: Montserrat, sans-serif; background-color: #ffffff;\">Cookies de Terceiros<\/h3><p style=\"font-size: 16px; box-sizing: border-box; margin-top: 0px; margin-bottom: 1rem; color: #576d96; font-family: Montserrat, sans-serif; background-color: #ffffff;\">Em alguns casos especiais, tamb\u00e9m usamos cookies fornecidos por terceiros confi\u00e1veis. A se\u00e7\u00e3o a seguir detalha quais cookies de terceiros voc\u00ea pode encontrar atrav\u00e9s deste site.<\/p><ul style=\"font-size: 16px; box-sizing: border-box; margin-top: 0px; margin-bottom: 1rem; color: #576d96; font-family: Montserrat, sans-serif; background-color: #ffffff;\"><li style=\"box-sizing: border-box;\">Este site usa o Google Analytics, que \u00e9 uma das solu\u00e7\u00f5es de an\u00e1lise mais difundidas e confi\u00e1veis da Web, para nos ajudar a entender como voc\u00ea usa o site e como podemos melhorar sua experi\u00eancia. Esses cookies podem rastrear itens como quanto tempo voc\u00ea gasta no site e as p\u00e1ginas visitadas, para que possamos continuar produzindo conte\u00fado atraente.<\/li><\/ul><p style=\"font-size: 16px; box-sizing: border-box; margin-top: 0px; margin-bottom: 1rem; color: #576d96; font-family: Montserrat, sans-serif; background-color: #ffffff;\">Para mais informa\u00e7\u00f5es sobre cookies do Google Analytics, consulte a p\u00e1gina oficial do Google Analytics.<\/p><ul style=\"font-size: 16px; box-sizing: border-box; margin-top: 0px; margin-bottom: 1rem; color: #576d96; font-family: Montserrat, sans-serif; background-color: #ffffff;\"><li style=\"box-sizing: border-box;\">As an\u00e1lises de terceiros s\u00e3o usadas para rastrear e medir o uso deste site, para que possamos continuar produzindo conte\u00fado atrativo. Esses cookies podem rastrear itens como o tempo que voc\u00ea passa no site ou as p\u00e1ginas visitadas, o que nos ajuda a entender como podemos melhorar o site para voc\u00ea.<\/li><li style=\"box-sizing: border-box;\">Periodicamente, testamos novos recursos e fazemos altera\u00e7\u00f5es subtis na maneira como o site se apresenta. Quando ainda estamos testando novos recursos, esses cookies podem ser usados para garantir que voc\u00ea receba uma experi\u00eancia consistente enquanto estiver no site, enquanto entendemos quais otimiza\u00e7\u00f5es os nossos usu\u00e1rios mais apreciam.<\/li><li style=\"box-sizing: border-box;\">\u00c0 medida que vendemos produtos, \u00e9 importante entendermos as estat\u00edsticas sobre quantos visitantes de nosso site realmente compram e, portanto, esse \u00e9 o tipo de dados que esses cookies rastrear\u00e3o. Isso \u00e9 importante para voc\u00ea, pois significa que podemos fazer previs\u00f5es de neg\u00f3cios com precis\u00e3o que nos permitem analizar nossos custos de publicidade e produtos para garantir o melhor pre\u00e7o poss\u00edvel.<\/li><\/ul><h3 style=\"box-sizing: border-box; margin: 0px 0px 20px; line-height: 1.2; font-size: 16px; letter-spacing: -0.05em; color: #576d96; font-family: Montserrat, sans-serif; background-color: #ffffff;\">Compromisso do Usu\u00e1rio<\/h3><p style=\"box-sizing: border-box; margin-top: 0px; margin-bottom: 1rem; font-size: 16px; color: #576d96; font-family: Montserrat, sans-serif; background-color: #ffffff;\">O usu\u00e1rio se compromete a fazer uso adequado dos conte\u00fados e da informa\u00e7\u00e3o que o KP Produtos oferece no site e com car\u00e1ter enunciativo, mas n\u00e3o limitativo:<\/p><ul style=\"box-sizing: border-box; margin-top: 0px; margin-bottom: 1rem; color: #576d96; font-family: Montserrat, sans-serif; font-size: 16px; background-color: #ffffff;\"><li style=\"box-sizing: border-box;\">A) N\u00e3o se envolver em atividades que sejam ilegais ou contr\u00e1rias \u00e0 boa f\u00e9 a \u00e0 ordem p\u00fablica;<\/li><li style=\"box-sizing: border-box;\">B) N\u00e3o difundir propaganda ou conte\u00fado de natureza racista, xenof\u00f3bica, <a style=\"color: inherit !important; text-decoration: none !important; font-size: inherit !important;\" href=\"https:\/\/ondeapostar.com\/betano-e-confiavel\" target=\"_BLANK\" rel=\"nofollow\"> betano<\/a> ou azar, qualquer tipo de pornografia ilegal, de apologia ao terrorismo ou contra os direitos humanos;<\/li><li style=\"box-sizing: border-box;\">C) N\u00e3o causar danos aos sistemas f\u00edsicos (hardwares) e l\u00f3gicos (softwares) do KP Produtos, de seus fornecedores ou terceiros, para introduzir ou disseminar v\u00edrus inform\u00e1ticos ou quaisquer outros sistemas de hardware ou software que sejam capazes de causar danos anteriormente mencionados.<\/li><\/ul><h3 style=\"box-sizing: border-box; margin: 0px 0px 20px; line-height: 1.2; font-size: 16px; letter-spacing: -0.05em; color: #576d96; font-family: Montserrat, sans-serif; background-color: #ffffff;\">Mais informa\u00e7\u00f5es<\/h3><p style=\"box-sizing: border-box; margin-top: 0px; margin-bottom: 1rem; font-size: 16px; color: #576d96; font-family: Montserrat, sans-serif; background-color: #ffffff;\">Esperemos que esteja esclarecido e, como mencionado anteriormente, se houver algo que voc\u00ea n\u00e3o tem certeza se precisa ou n\u00e3o, geralmente \u00e9 mais seguro deixar os cookies ativados, caso interaja com um dos recursos que voc\u00ea usa em nosso site.<\/p><p style=\"box-sizing: border-box; margin-top: 0px; margin-bottom: 1rem; font-size: 16px; color: #576d96; font-family: Montserrat, sans-serif; background-color: #ffffff;\">Esta pol\u00edtica \u00e9 efetiva a partir de <strong>08\/10\/2025 &#8211; 08:05<\/strong><\/p>\t\t\t\t\t\t\t\t<\/div>\n\t\t\t\t\t<\/div>\n\t\t<\/div>\n\t\t\t\t\t<\/div>\n\t\t<\/section>\n\t\t\t\t<\/div>\n\t\t","protected":false},"excerpt":{"rendered":"<p>Pol\u00edtica de Privacidade A sua privacidade \u00e9 importante para n\u00f3s. \u00c9 pol\u00edtica do KP Produtos respeitar a sua privacidade em rela\u00e7\u00e3o a qualquer informa\u00e7\u00e3o sua que possamos coletar no site &#8230;<\/p>\n","protected":false},"author":1,"featured_media":0,"parent":0,"menu_order":0,"comment_status":"closed","ping_status":"closed","template":"elementor_canvas","meta":{"_joinchat":[],"footnotes":""},"class_list":["post-51","page","type-page","status-publish","hentry"],"_hostinger_reach_plugin_has_subscription_block":false,"_hostinger_reach_plugin_is_elementor":false,"_links":{"self":[{"href":"https:\/\/kpprodutos.com\/kids\/wp-json\/wp\/v2\/pages\/51","targetHints":{"allow":["GET"]}}],"collection":[{"href":"https:\/\/kpprodutos.com\/kids\/wp-json\/wp\/v2\/pages"}],"about":[{"href":"https:\/\/kpprodutos.com\/kids\/wp-json\/wp\/v2\/types\/page"}],"author":[{"embeddable":true,"href":"https:\/\/kpprodutos.com\/kids\/wp-json\/wp\/v2\/users\/1"}],"replies":[{"embeddable":true,"href":"https:\/\/kpprodutos.com\/kids\/wp-json\/wp\/v2\/comments?post=51"}],"version-history":[{"count":7,"href":"https:\/\/kpprodutos.com\/kids\/wp-json\/wp\/v2\/pages\/51\/revisions"}],"predecessor-version":[{"id":64,"href":"https:\/\/kpprodutos.com\/kids\/wp-json\/wp\/v2\/pages\/51\/revisions\/64"}],"wp:attachment":[{"href":"https:\/\/kpprodutos.com\/kids\/wp-json\/wp\/v2\/media?parent=51"}],"curies":[{"name":"wp","href":"https:\/\/api.w.org\/{rel}","templated":true}]}}